252 = 3*z - 5*h - 230. What is u(z)?
-2
Let d(x) = -x**3 - 37*x**2 + 80*x + 74. Let y be 1/(((-19)/(-741))/(-1*1)). Determine d(y).
-4
Let f(g) be the first derivative of 1/4*g**4 + 2*g**3 - 3*g**2 - g - 5. Let q be 4/(-6) + (-38)/6. Give f(q).
-8
Let l be 52*((-14)/(-4) - 4). Let c = 25 + l. Let m(u) = 0*u**2 + 0 - 2*u**2 - 1 - 17*u**3 - 2*u + 0*u**2. What is m(c)?
16
Let p(y) = -34*y**2 + 72*y + 4. Let z(i) = 29*i**2 - 60*i - 3. Let d(u) = 5*p(u) + 6*z(u). Calculate d(3).
38
Let a(j) be the third derivative of -j**7/630 - j**6/720 + j**5/120 + 65*j**4/12 + 11*j**2 - 1. Let t(v) be the second derivative of a(v). Calculate t(2).
-17
Let t(l) = -9*l + 5. Let k be t(-3). Let c be 88/k - (-1 - -3)/(-8). Let z(j) = -j**3 - 7*j**2 - j - 2*j**2 + 13*j**2 + 2*j**c + 2. What is z(-4)?
6
Let a = 29 - 22. Suppose -2 = -s, -z - 4*s + 6 = -a. Let j(m) = -1 + 4*m - 1545*m**2 + 5 + 1544*m**2. What is j(z)?
-1
Let b(g) = 11*g**3 - 5*g**2 - 2*g + 6. Let k(z) = 38*z**3 - 15*z**2 - 6*z + 18. Let j(d) = 7*b(d) - 2*k(d). What is j(5)?
-4
Let b(q) be the first derivative of -4*q**2 + 365*q - 7613. What is b(45)?
5
Let r(w) = -8*w + 2. Let g(u) be the third derivative of -u**6/120 + u**5/30 + 25*u**4/6 - 7*u**3/3 - 2*u**2 - 216*u. Let y be g(11). Calculate r(y).
26
Let i be ((-25)/60*-6)/(20/16). Suppose n = 3*a + 15, i*n - n = -a + 3. Let g(s) = -s**2 + 4*s + 5. Calculate g(n).
-7
Let i(y) = -y**3 - 5*y**2 + 16*y + 50. Let m(a) = -a**3 - 5*a**2 + 15*a + 46. Let x(s) = -12*i(s) + 13*m(s). Determine x(3).
-65
Let g(y) = -10*y**2 + 17 - 56*y - 71*y + 139*y - y**3. Determine g(-11).
6
Let k(d) = -726 + 1444 - 697 - 2*d**2 - 55*d. Determine k(-28).
-7
Let i(c) = 12 - 119*c + 121*c - 5 + 4. Let n = 28 + -34. Give i(n).
-1
Suppose 35*q - 6 = 34*q. Let o(v) = 3*v**3 + 4 - 3*v**2 + 5 - 11*v - q - 2*v**3. Give o(5).
-2
Let c(z) = z - 8*z - 1 + 4 - 6*z - 2*z**2. Let f be ((-3300)/(-4950))/((1 - 0)*(-2)/18). Determine c(f).
9
Let o(s) = s**3 + 11*s**2 + 12*s + 15. Let l be (4/((-16)/(-4)))/((-3)/(-9)). Suppose -a - 5 = -l, -60 = 5*p + 5*a. What is o(p)?
-5
Let d(f) = 15190901*f**2 - 15190900*f**2 + 49 + 16*f - 13. What is d(-13)?
-3
Let g(d) be the third derivative of 4/3*d**3 - 87*d**2 - 1/4*d**4 - 1/60*d**5 + 0 + 0*d. Give g(-7).
1
Let l = 137 - 135. Let j(m) = 6 + 7*m + 9*m - 12*m - m**l. Calculate j(6).
-6
Let t = 8 + -7. Let v(l) = -260 - 253 + 515 + 4*l. Give v(t).
6
Suppose -4 = 11*s + 62. Let q(l) be the third derivative of 4/3*l**3 + 0 - 1/12*l**5 + 1/3*l**4 + 11*l**2 - 1/120*l**6 + 0*l. What is q(s)?
-4
Let t(i) = i**3 + i. Let u(m) = -3*m**3 + 12*m**2. Let g be 1/(-14)*-6 - (-50)/14. Let c be u(g). Calculate t(c).
0
Suppose 12 = -24*c + 25*c. Let s(x) be the second derivative of -x**3/6 + 5*x**2 - 44*x + 31. What is s(c)?
-2
Let h(k) be the third derivative of 1/2*k**3 + 2*k**2 + 1/60*k**5 - 19*k - 5/12*k**4 + 0. Give h(9).
-6
Let y(d) = 17*d**2 + 57*d + 94. Let b(i) = -3*i**2 - 11*i - 19. Let h(k) = -11*b(k) - 2*y(k). Calculate h(-3).
-9
Suppose -2*n - 5*r + 36 = 0, -4*n + 0*r + 48 = 4*r. Let w(j) = 3 + 12*j**2 - 2*j + 0*j**3 - j**3 - n*j - 15. Determine w(11).
-1
Let y(u) be the first derivative of u**4/12 - 4*u**3/3 + 3*u**2 + 3*u + 6. Let o(f) be the second derivative of y(f). Let w = -10 - -16. What is o(w)?
4
Let v(s) = 2*s**2 - 48*s - 162. Let f be v(27). Suppose 3*b - j = 4*b - 8, 3 = -3*j. Let g(w) = -1 - 7 - 2*w + f + b. What is g(2)?
-3
Let x = 923 - 922. Let j(p) = 8*p**3 + x - 7*p**3 - 6*p - 6*p**2 + 5*p + 3*p. What is j(5)?
-14
Let w(p) be the first derivative of -2*p**3/3 - 13*p**2/2 + 55*p + 8349. Calculate w(-12).
-77
Suppose 3*u + 24 = -9*u. Let x be -1 + -1*(-1 - u). Let o(r) = 0 - r**2 + 1 + 3 - 2. Give o(x).
-2
Let c = -282 - -282. Let i(j) = -8 + 1 - j + c*j + 5. Suppose 4*d = d + 15. What is i(d)?
-7
Let d = -1931 + 1939. Suppose -z + 11 = 7. Let i(n) = z*n - 2*n - 8 + 0*n. Give i(d).
8
Suppose 0 = -5*z + 8 + 12. Let c(d) = -37*d**3 - 2*d**2 + 6*d + 35. Let x(b) = 22*b**3 + 2*b**2 - 3*b - 22. Let l(o) = -3*c(o) - 5*x(o). Calculate l(z).
-7
Let g(h) = 899*h + 61 - 222*h - 222*h - 224*h - 226*h. Give g(-15).
-14
Let z(k) = k**3 + k**2 - 2*k. Let i be 30*(3/(-4))/(120/128). Let n be -3*1 - (i/8 - -2). Give z(n).
0
Let f be 0 + 0 + 1*(-8)/(-2). Suppose 25*o - 22*o = 9. Let q(s) = -f*s**3 - 4 - 5*s**2 + 0 + 3*s**o - 8*s - 3*s**2. Calculate q(-7).
3
Let v(c) = c**3 - 2*c. Suppose -3*r + 2 = 5. Let i be (-67)/10 + (-4)/((-40)/(-3)). Let l be (9 + i)/(r/1). Calculate v(l).
-4
Let s(m) be the third derivative of m**4/12 + m**3 - 7*m**2 + 2. Let x = -51 - -66. Suppose y + 5 = -j, -4*j + x = j. What is s(y)?
-10
Let s(r) = 6 + 1 + 1 - 3 - 131*r + 130*r. Suppose 2*v + 20 = -5*b - 3*v, -4*v - 23 = 5*b. Give s(b).
12
Suppose 26 - 93 = -67*s. Let n(w) = 9*w**3 + 2*w**2 - 3*w + 1. What is n(s)?
9
Let x be (1/(-3))/((-1)/15). Suppose -2*c + 0*c + 15 = r, 5*r - 87 = -4*c. Let d(v) = 20*v + v**2 - 1 - 44*v + r*v. Give d(x).
-1
Let w(n) be the third derivative of 0*n + 0 - 1/720*n**6 + 16*n**2 + 17/24*n**4 + 0*n**3 + 1/15*n**5. Let k(c) be the second derivative of w(c). Give k(7).
1
Let f(s) = 9 - 3*s**3 + 33*s**3 + 37 - s**2 - 18*s**3 - 13*s**3. Give f(0).
46
Let z(a) = 15*a**3 - 113*a**2 - 14*a + 2. Let k(w) = -4*w**3 + 30*w**2 + 3*w - 1. Let u(h) = 11*k(h) + 3*z(h). What is u(10)?
5
Let v(i) = i**2 + i - 5. Let r(c) = -2*c**2 - 3*c + 11. Let m(u) = 6*r(u) + 13*v(u). Let b(y) = 9*y - 67. Let g be b(8). What is m(g)?
1
Let g be (30/21)/(-2 + 13/7). Let s be 6*(g/4 + 3). Let f(n) = n + 1. Determine f(s).
4
Suppose 48*y = 31*y + 408. Let r be 328/(-48) + (-4)/y. Let x(h) = -h + 6. Calculate x(r).
13
Let w(q) = -q**3 + 3*q**2 + 4*q - 4. Let j(a) be the third derivative of 32*a**2 - 1/12*a**4 + 0*a + 0 + 7/3*a**3. Let r be j(5). Calculate w(r).
-4
Let t(f) = -2*f - 19. Let k(y) = 8*y - 151. Let p be k(17). Give t(p).
11
Suppose 0 = -230*d + 224*d + 12. Let j(w) = -196*w**d + 201*w**2 + 0*w**3 - 6*w - 1 + 0 + w**3. Calculate j(-6).
-1
Let l(v) be the first derivative of -v**4/4 + 22*v**3/3 + 45*v**2/2 + 75*v - 5268. Give l(24).
3
Suppose 24 = -4*i - 4*f, 3*f - 2 + 14 = 0. Let j be (4/(-6)*i)/(6/(-18)). Let l(k) = k**2. What is l(j)?
16
Let d = 140 - -26. Let p = 233 - d. Let j(o) = 2*o + 74 - o - p. Calculate j(-5).
2
Let z = 71 + -54. Suppose z*v - 13 = 16*v. Let l(f) = 0 - v*f - 1 - 4*f + 15*f. Give l(2).
-5
Let q(i) = i**3 - 3*i**2 + 2*i + 1. Suppose -2*d + 550 = -5*w, 3*w + 550 = -2*w + d. Let m = w + 112. Calculate q(m).
1
Let c = 25 + -12. Let i(l) = 13 - l**2 - 21516*l - 21516*l + 15 + 43043*l. Calculate i(c).
2
Let w(a) be the third derivative of -a**5/30 + 47*a**4/12 - 50*a**3/3 - 6*a**2 + 436*a. Calculate w(46).
-8
Let m(q) = -10*q + 16. Let g be (13 + 40/(-3))/((-2)/84*2). Give m(g).
-54
Suppose 420*z = -9*z + 86*z + 1715. Let l(o) be the second derivative of -1/20*o**z + 0*o**3 + 0 - 9/2*o**2 - 7*o + 0*o**4. Calculate l(0).
-9
Let a(h) = -h + 14. Let v(r) = r + 34. Let w be v(-31). Let c be -3 + (27/w - -8). Determine a(c).
0
Let s(a) be the first derivative of 25/3*a**3 + 0*a + 0*a**2 + 89. Calculate s(1).
25
Let u(q) = 3 + 11*q + 8*q + q + 6*q - 24*q. Suppose -2*s - 2*s = -16. Suppose 3*v - 11 = r + 4, -s*r - 5 = -v. Give u(v).
13
Let f(d) be the first derivative of 6*d**2 - 181*d - 8813. What is f(15)?
-1
Let c(k) = k**2 - 26*k + 21. Let j be ((-64)/(-3) - -5) + 24/(-18). Calculate c(j).
-4
Let w(g) = -g**3 - 5*g**2 + 7*g + 4. Suppose -75 = -6*b + b. Suppose -4*j = -u - b - 13, 0 = 4*u - 16. Let q = -14 + j. Give w(q).
-2
Let i = 1531 - 1526. Let j(f) = f + 18. Let u be j(-16). Let k(t) = 3 - 2*t + 10*t**u - 3*t - 9*t**2. Determine k(i).
3
Let g(z) be the third derivative of z**4/8 + 3*z**3 + z**2 + 42*z. Let b = 14 - 18. Give g(b).
6
Let f = -70 - -91. Suppose -3*u - h + 1 = 0, -u - 2*u + f = -3*h. Suppose 4*l + 4*q - 5 - 11 = 0, 0 = -u*q. Let c(o) = -o**3 + 3*o**2 + 3*o - 5. Give c(l).
-9
Let a(u) be the first derivative of -u**7/840 - u**6/90 + u**5/40 - u**4/8 - 56*u**3/3 + 103. Let r(x) be the third derivative of a(x). Calculate r(-5).
7
Let c(r) = r**2 + 4*r - 37. Suppose 5*n + 38 = 2*t, 106 = 2*t + 108. Give c(n).
-5
Let f(y) = -4*y + 4. Let w(x) = 1. Let z(t) = -2*t + 7. Let c(p) = -6*w(p) + z(p). Let a(s) = 12*c(s) - 3*f(s). Determine a(